{"id":73,"date":"2025-12-30T14:34:42","date_gmt":"2025-12-30T14:34:42","guid":{"rendered":"https:\/\/aurelie-leber-sexotherapie.fr\/?page_id=73"},"modified":"2026-02-04T22:00:17","modified_gmt":"2026-02-04T22:00:17","slug":"tarifs","status":"publish","type":"page","link":"https:\/\/aurelie-leber-sexotherapie.fr\/index.php\/aurelie-leber-sexotherapeute\/tarifs\/","title":{"rendered":"Tarifs"},"content":{"rendered":"\n<div class=\"wp-block-group alignfull is-style-section-1 has-global-padding is-layout-constrained wp-block-group-is-layout-constrained is-style-section-1--1\" style=\"margin-top:0;margin-bottom:0;padding-top:var(--wp--preset--spacing--60);padding-bottom:var(--wp--preset--spacing--60)\">\n<div class=\"wp-block-columns alignwide is-layout-flex wp-container-core-columns-is-layout-f765c490 wp-block-columns-is-layout-flex\">\n<div class=\"wp-block-column has-border-color is-layout-flow wp-block-column-is-layout-flow\" style=\"border-color:var(--wp--preset--color--accent-6);border-width:1px;border-radius:10px;padding-top:var(--wp--preset--spacing--50);padding-right:var(--wp--preset--spacing--50);padding-bottom:var(--wp--preset--spacing--50);padding-left:var(--wp--preset--spacing--50)\">\n<h3 class=\"wp-block-heading\" id=\"free\">Sexoth\u00e9rapie premi\u00e8re s\u00e9ance<\/h3>\n\n\n\n<p class=\"wp-block-paragraph\">Seul(e) ou en couple, recommand\u00e9e pour une premi\u00e8re s\u00e9ance.<\/p>\n\n\n\n<p class=\"wp-block-paragraph\">Dur\u00e9e de la s\u00e9ance : 1h30<\/p>\n\n\n\n<p class=\"wp-block-paragraph\">90\u20ac<\/p>\n\n\n\n<div class=\"wp-block-buttons is-content-justification-center is-layout-flex wp-container-core-buttons-is-layout-35f06ea7 wp-block-buttons-is-layout-flex\">\n<div class=\"wp-block-button has-custom-width wp-block-button__width-100\"><a class=\"wp-block-button__link wp-element-button\" href=\"https:\/\/www.crenolibre.fr\/prendre-rdv\/154991_leber-aurelie\">R\u00e9server<\/a><\/div>\n<\/div>\n<\/div>\n\n\n\n<div class=\"wp-block-column has-border-color is-layout-flow wp-block-column-is-layout-flow\" style=\"border-color:var(--wp--preset--color--accent-6);border-width:1px;border-radius:10px;padding-top:var(--wp--preset--spacing--50);padding-right:var(--wp--preset--spacing--50);padding-bottom:var(--wp--preset--spacing--50);padding-left:var(--wp--preset--spacing--50)\">\n<h3 class=\"wp-block-heading\" id=\"single\">Sexoth\u00e9rapie s\u00e9ance de suivi<\/h3>\n\n\n\n<p class=\"has-large-font-size wp-block-paragraph\" style=\"border-top-left-radius:3px;border-top-right-radius:3px;border-bottom-left-radius:3px;border-bottom-right-radius:3px\">Seul(e) ou en couple, recommand\u00e9e pour les s\u00e9ances de suivi.               <\/p>\n\n\n\n<p class=\"wp-block-paragraph\">Dur\u00e9e de la s\u00e9ance : 1h00<\/p>\n\n\n\n<div style=\"height:19px\" aria-hidden=\"true\" class=\"wp-block-spacer\"><\/div>\n\n\n\n<p class=\"has-large-font-size wp-block-paragraph\">60\u20ac<\/p>\n\n\n\n<div class=\"wp-block-buttons is-content-justification-center is-layout-flex wp-container-core-buttons-is-layout-35f06ea7 wp-block-buttons-is-layout-flex\">\n<div class=\"wp-block-button has-custom-width wp-block-button__width-100\"><a class=\"wp-block-button__link wp-element-button\" href=\"https:\/\/www.crenolibre.fr\/prendre-rdv\/154991_leber-aurelie\">R\u00e9server<\/a><\/div>\n<\/div>\n<\/div>\n<\/div>\n<\/div>\n\n\n\n<div class=\"wp-block-group alignfull is-style-section-1 has-global-padding is-layout-constrained wp-block-group-is-layout-constrained is-style-section-1--2\" style=\"margin-top:0;margin-bottom:0;padding-top:var(--wp--preset--spacing--60);padding-bottom:var(--wp--preset--spacing--60)\">\n<div class=\"wp-block-columns alignwide is-layout-flex wp-container-core-columns-is-layout-f765c490 wp-block-columns-is-layout-flex\">\n<div class=\"wp-block-column has-border-color is-layout-flow wp-block-column-is-layout-flow\" style=\"border-color:var(--wp--preset--color--accent-6);border-width:1px;border-radius:10px;padding-top:var(--wp--preset--spacing--50);padding-right:var(--wp--preset--spacing--50);padding-bottom:var(--wp--preset--spacing--50);padding-left:var(--wp--preset--spacing--50)\">\n<h3 class=\"wp-block-heading\" id=\"free\">Parents &#8211; adolescents premi\u00e8re consultation<\/h3>\n\n\n\n<p class=\"wp-block-paragraph\">Recommand\u00e9e pour une premi\u00e8re s\u00e9ance.                                                             <\/p>\n\n\n\n<p class=\"wp-block-paragraph\">Dur\u00e9e de la s\u00e9ance : 1h30<\/p>\n\n\n\n<div style=\"height:12px\" aria-hidden=\"true\" class=\"wp-block-spacer\"><\/div>\n\n\n\n<p class=\"has-large-font-size wp-block-paragraph\">90\u20ac<\/p>\n\n\n\n<div class=\"wp-block-buttons is-content-justification-center is-layout-flex wp-container-core-buttons-is-layout-35f06ea7 wp-block-buttons-is-layout-flex\">\n<div class=\"wp-block-button has-custom-width wp-block-button__width-100\"><a class=\"wp-block-button__link wp-element-button\" href=\"https:\/\/www.crenolibre.fr\/prendre-rdv\/154991_leber-aurelie\">R\u00e9server<\/a><\/div>\n<\/div>\n<\/div>\n\n\n\n<div class=\"wp-block-column has-border-color is-layout-flow wp-block-column-is-layout-flow\" style=\"border-color:var(--wp--preset--color--accent-6);border-width:1px;border-radius:10px;padding-top:var(--wp--preset--spacing--50);padding-right:var(--wp--preset--spacing--50);padding-bottom:var(--wp--preset--spacing--50);padding-left:var(--wp--preset--spacing--50)\">\n<h3 class=\"wp-block-heading\" id=\"single\">Parents &#8211; adolescents consultation de suivi<\/h3>\n\n\n\n<p class=\"wp-block-paragraph\">Recommand\u00e9e pour les s\u00e9ances de suivi et pour les adolescents de plus de 15 ans non accompagn\u00e9<\/p>\n\n\n\n<p class=\"wp-block-paragraph\">Dur\u00e9e de la s\u00e9ance : 1h00<\/p>\n\n\n\n<p class=\"has-large-font-size wp-block-paragraph\">60 \u20ac<\/p>\n\n\n\n<div class=\"wp-block-buttons is-content-justification-center is-layout-flex wp-container-core-buttons-is-layout-35f06ea7 wp-block-buttons-is-layout-flex\">\n<div class=\"wp-block-button has-custom-width wp-block-button__width-100\"><a class=\"wp-block-button__link wp-element-button\" href=\"https:\/\/www.crenolibre.fr\/prendre-rdv\/154991_leber-aurelie\">R\u00e9server<\/a><\/div>\n<\/div>\n<\/div>\n<\/div>\n<\/div>\n\n\n\n<h2 class=\"wp-block-heading has-text-align-center\">Informations compl\u00e9mentaires<\/h2>\n\n\n\n<p class=\"wp-block-paragraph\">\u200bLes r\u00e8glements se font en esp\u00e8ces ou par ch\u00e8que. Les paiements par carte bancaire ne sont pas accept\u00e9s.\u200b<\/p>\n\n\n\n<p class=\"wp-block-paragraph\">\u200b<\/p>\n\n\n\n<h6 class=\"wp-block-heading\">Report et annulation<\/h6>\n\n\n\n<p class=\"wp-block-paragraph\">\u00a0Tout rendez-vous pris est un engagement mutuel. En cas d&#8217;emp\u00eachement, merci de me pr\u00e9venir 48h \u00e0 l&rsquo;avance. <\/p>\n\n\n\n<p class=\"wp-block-paragraph\">Toute s\u00e9ance annul\u00e9e moins de 48h \u00e0 l\u2019avance est consid\u00e9r\u00e9e comme facturable.<\/p>\n\n\n\n<div style=\"height:100px\" aria-hidden=\"true\" class=\"wp-block-spacer\"><\/div>\n","protected":false},"excerpt":{"rendered":"<p>Sexoth\u00e9rapie premi\u00e8re s\u00e9ance Seul(e) ou en couple, recommand\u00e9e pour une premi\u00e8re s\u00e9ance. Dur\u00e9e de la s\u00e9ance : 1h30 90\u20ac Sexoth\u00e9rapie s\u00e9ance de suivi Seul(e) ou en couple, recommand\u00e9e pour les s\u00e9ances de suivi. Dur\u00e9e de la s\u00e9ance : 1h00 60\u20ac Parents &#8211; adolescents premi\u00e8re consultation Recommand\u00e9e pour une premi\u00e8re s\u00e9ance. Dur\u00e9e de la s\u00e9ance : [&hellip;]<\/p>\n","protected":false},"author":1,"featured_media":0,"parent":20,"menu_order":3,"comment_status":"closed","ping_status":"closed","template":"mod-le-personnalis","meta":{"_crdt_document":"","advanced_seo_description":"","jetpack_seo_html_title":"","jetpack_seo_noindex":false,"footnotes":""},"class_list":["post-73","page","type-page","status-publish","hentry"],"jetpack_sharing_enabled":true,"_links":{"self":[{"href":"https:\/\/aurelie-leber-sexotherapie.fr\/index.php\/wp-json\/wp\/v2\/pages\/73","targetHints":{"allow":["GET"]}}],"collection":[{"href":"https:\/\/aurelie-leber-sexotherapie.fr\/index.php\/wp-json\/wp\/v2\/pages"}],"about":[{"href":"https:\/\/aurelie-leber-sexotherapie.fr\/index.php\/wp-json\/wp\/v2\/types\/page"}],"author":[{"embeddable":true,"href":"https:\/\/aurelie-leber-sexotherapie.fr\/index.php\/wp-json\/wp\/v2\/users\/1"}],"replies":[{"embeddable":true,"href":"https:\/\/aurelie-leber-sexotherapie.fr\/index.php\/wp-json\/wp\/v2\/comments?post=73"}],"version-history":[{"count":14,"href":"https:\/\/aurelie-leber-sexotherapie.fr\/index.php\/wp-json\/wp\/v2\/pages\/73\/revisions"}],"predecessor-version":[{"id":157,"href":"https:\/\/aurelie-leber-sexotherapie.fr\/index.php\/wp-json\/wp\/v2\/pages\/73\/revisions\/157"}],"up":[{"embeddable":true,"href":"https:\/\/aurelie-leber-sexotherapie.fr\/index.php\/wp-json\/wp\/v2\/pages\/20"}],"wp:attachment":[{"href":"https:\/\/aurelie-leber-sexotherapie.fr\/index.php\/wp-json\/wp\/v2\/media?parent=73"}],"curies":[{"name":"wp","href":"https:\/\/api.w.org\/{rel}","templated":true}]}}