{"id":189,"date":"2026-01-18T20:25:57","date_gmt":"2026-01-18T20:25:57","guid":{"rendered":"https:\/\/aurelie-leber-sexotherapie.fr\/?page_id=189"},"modified":"2026-02-17T18:32:32","modified_gmt":"2026-02-17T18:32:32","slug":"ma-biblio","status":"publish","type":"page","link":"https:\/\/aurelie-leber-sexotherapie.fr\/index.php\/aurelie-leber-sexotherapeute\/blog\/ma-biblio\/","title":{"rendered":"Ma biblio"},"content":{"rendered":"\n<p class=\"wp-block-paragraph\">J&rsquo;ai une vraie passion pour la lecture depuis que je suis enfant. C&rsquo;est une source intarissable pour l&rsquo;imagination et la connaissance. En tant que professionnelle, cette passion est mise \u00e0 profit pour approfondir mes connaissances afin de vous apporter un accompagnement de qualit\u00e9. Voici ma s\u00e9lection de livre.<\/p>\n\n\n\n<ul class=\"wp-block-list\">\n<li>Jouissance club \u2013 une cartographie du plaisir, J\u00fcne PLA, Marabout, 2019<\/li>\n<\/ul>\n\n\n\n<p class=\"wp-block-paragraph\">Pourquoi j&rsquo;aime ce livre : parce qu&rsquo;il y a beaucoup de dessins et d&rsquo;illustrations. Ca aide quand l&rsquo;auteure est character designer dans les jeux vid\u00e9os. Impossible de ne pas comprendre les explication, tout (ou presque) est illustr\u00e9! Si vous avez envie de pimenter vos rapport et d&rsquo;explorer de nouvelles pratiques, ce livre est pour vous.<\/p>\n\n\n\n<ul class=\"wp-block-list\">\n<li>Tous les chemins m\u00e8nent \u00e0 l\u2019homme \u2013 Le masculin sans tabou, Jacques LUCAS<\/li>\n<\/ul>\n\n\n\n<p class=\"wp-block-paragraph\">Pourquoi j&rsquo;aime ce livre : l&rsquo;auteur nous partage sa propre histoire de vie sans rien cach\u00e9. Il nous propose ici un regard sinc\u00e8re et sans tabou sur l&rsquo;identit\u00e9 masculine. Il aborde les th\u00e8mes de la sexualit\u00e9, de la paternit\u00e9, des relations et des r\u00f4les sociaux, tout en invitant les hommes \u00e0 <strong>mieux se conna\u00eetre, comprendre leur identit\u00e9 et assumer leur singularit\u00e9<\/strong>. En tant que femme, ce livre m&rsquo;a touch\u00e9 car il offre un regard franc et sensible sur la masculinit\u00e9. J&rsquo;ai pu comprendre ce qu&rsquo;il se joue chez les hommes dans leur chemin vers la masculinit\u00e9.<\/p>\n","protected":false},"excerpt":{"rendered":"<p>J&rsquo;ai une vraie passion pour la lecture depuis que je suis enfant. C&rsquo;est une source intarissable pour l&rsquo;imagination et la connaissance. En tant que professionnelle, cette passion est mise \u00e0 profit pour approfondir mes connaissances afin de vous apporter un accompagnement de qualit\u00e9. Voici ma s\u00e9lection de livre. Pourquoi j&rsquo;aime ce livre : parce qu&rsquo;il [&hellip;]<\/p>\n","protected":false},"author":1,"featured_media":0,"parent":266,"menu_order":2,"comment_status":"closed","ping_status":"closed","template":"mod-le-personnalis","meta":{"_crdt_document":"","advanced_seo_description":"","jetpack_seo_html_title":"","jetpack_seo_noindex":false,"footnotes":""},"class_list":["post-189","page","type-page","status-publish","hentry"],"jetpack_sharing_enabled":true,"_links":{"self":[{"href":"https:\/\/aurelie-leber-sexotherapie.fr\/index.php\/wp-json\/wp\/v2\/pages\/189","targetHints":{"allow":["GET"]}}],"collection":[{"href":"https:\/\/aurelie-leber-sexotherapie.fr\/index.php\/wp-json\/wp\/v2\/pages"}],"about":[{"href":"https:\/\/aurelie-leber-sexotherapie.fr\/index.php\/wp-json\/wp\/v2\/types\/page"}],"author":[{"embeddable":true,"href":"https:\/\/aurelie-leber-sexotherapie.fr\/index.php\/wp-json\/wp\/v2\/users\/1"}],"replies":[{"embeddable":true,"href":"https:\/\/aurelie-leber-sexotherapie.fr\/index.php\/wp-json\/wp\/v2\/comments?post=189"}],"version-history":[{"count":5,"href":"https:\/\/aurelie-leber-sexotherapie.fr\/index.php\/wp-json\/wp\/v2\/pages\/189\/revisions"}],"predecessor-version":[{"id":276,"href":"https:\/\/aurelie-leber-sexotherapie.fr\/index.php\/wp-json\/wp\/v2\/pages\/189\/revisions\/276"}],"up":[{"embeddable":true,"href":"https:\/\/aurelie-leber-sexotherapie.fr\/index.php\/wp-json\/wp\/v2\/pages\/266"}],"wp:attachment":[{"href":"https:\/\/aurelie-leber-sexotherapie.fr\/index.php\/wp-json\/wp\/v2\/media?parent=189"}],"curies":[{"name":"wp","href":"https:\/\/api.w.org\/{rel}","templated":true}]}}